s z(-2)?
8
Let s(g) = g**3 + 6*g**2 - 5*g + 5. Determine s(-7).
-9
Let j(p) = p + 7. Determine j(-14).
-7
Let h(b) = b**2 + 2*b + 7. Give h(3).
22
Let l(j) = -j**2 - 37*j - 131. Determine l(-33).
1
Let r(b) = -72*b**3 - b**2 + 3*b - 1. What is r(1)?
-71
Let i(m) = m**3 + 2*m**2 + 2*m + 4. What is i(-3)?
-11
Let f(d) = d - 1. Determine f(4).
3
Let b(r) = -r**2 + 9*r + 122. Determine b(17).
-14
Let u(y) = 9*y - 11. Calculate u(5).
34
Let l(c) = -c**2 + 6*c + 13. Calculate l(9).
-14
Let s(u) = 5*u**2 - 2*u - 3. What is s(-3)?
48
Let o(s) = -s**3 - 3*s**2 + 2*s - 12. Determine o(-4).
-4
Let f(t) = -3*t - 29. Determine f(-10).
1
Let n(r) = -r**3 + 8*r**2 + 5*r + 35. What is n(9)?
-1
Let q(t) = -t**2 + 7*t + 47. Calculate q(11).
3
Let h(y) = -2*y - 7. Give h(5).
-17
Let s(x) = -x**3 + 9*x**2 - 7. Determine s(9).
-7
Let v(a) = a**2 + 25*a + 4. Calculate v(-25).
4
Let d(w) = -5*w + 42. Give d(8).
2
Let h(y) = 16*y - 81. Give h(6).
15
Let x(v) = -12*v**2 - 70*v + 4. Determine x(-6).
-8
Let s(g) = 4*g - 17. What is s(4)?
-1
Let u(v) = v**3 + 11*v**2 + v - 16. Calculate u(-11).
-27
Let o(s) = -5*s. Determine o(9).
-45
Let x(v) = -v + 6. Determine x(-5).
11
Let t(q) = -q**3 - q**2 + 3. What is t(0)?
3
Let j(a) = a**3 + 10*a**2 + 22*a + 60. Determine j(-8).
12
Let q(w) = -4*w + 23. What is q(7)?
-5
Let o(c) = 16*c + 122. Give o(-7).
10
Let v(a) = a + 16. Determine v(-17).
-1
Let m(t) = t**3 - 4*t**2 + 3*t - 2. Give m(3).
-2
Let d(t) = 2*t**2 + 15*t + 7. Give d(-7).
0
Let v(i) = i**2 - 28*i + 155. What is v(20)?
-5
Let x(s) = -10*s - 35. Give x(-8).
45
Let c(h) = -2*h - 2. Give c(-2).
2
Let q(j) = -j**2 - 20*j + 21. What is q(-21)?
0
Let w(m) = 2*m**3 + 2*m. Calculate w(2).
20
Let q(s) = -s + 21. Calculate q(18).
3
Let k(j) = 37*j - 147. Calculate k(4).
1
Let f(w) = 2*w - 31. Give f(12).
-7
Let g(k) = -k**3 - 4*k**2 + 4*k. Determine g(-5).
5
Let c(o) = -o**2 + 4*o + 4. What is c(4)?
4
Let r(l) = l**2 + 8*l - 40. What is r(-12)?
8
Let l(h) = h**3 + 4*h**2 - 25*h - 55. What is l(-2)?
3
Let g(j) = -27*j - 428. Give g(-16).
4
Let x(w) = w**2 + 7*w - 5. Give x(-6).
-11
Let u(v) = v**3 + 6*v**2 + v - 7. Give u(-4).
21
Let y(q) = 10*q - 35. Calculate y(4).
5
Let z(j) = -j**3 + 4*j**2 + 4*j + 5. What is z(6)?
-43
Let a(h) = -4*h + 10. Give a(9).
-26
Let r(v) = -v**3 + 9*v**2 - 11*v + 7. Determine r(7).
28
Let q(c) = 11*c + 67. What is q(-6)?
1
Let r(f) = -f**2 + 4*f. Calculate r(4).
0
Let n(u) = 4*u - 84. What is n(20)?
-4
Let z(o) = -o**3 - 3*o**2 + 3*o - 2. Determine z(-4).
2
Let k(q) = -q**3 - 6*q**2 + 7*q - 22. Determine k(-7).
-22
Let l(w) = -4*w**2 + 7*w + 2. Determine l(0).
2
Let s(v) = v**3 + 17*v**2 + 18*v + 20. Calculate s(-16).
-12
Let r(m) = 175*m + 877. Determine r(-5).
2
Let p(s) = 19*s**3 - s**2 - s. Calculate p(-1).
-19
Let r(x) = 3*x**3 + 13*x**2 - 11*x - 6. What is r(-5)?
-1
Let g(b) = 10*b**3 + 2*b**2 - b. Calculate g(1).
11
Let r(p) = p**2 - 5*p - 5. Give r(5).
-5
Let t(g) = g**3 + 3*g**2 - g - 3. What is t(-4)?
-15
Let a(d) = 2*d**2 - 3*d + 2. Give a(5).
37
Let j(c) = -24*c - 3. Determine j(5).
-123
Let q(y) = y**3 - 2*y**2 - 3*y - 5. Determine q(5).
55
Let d(y) = 31*y + 585. Give d(-19).
-4
Let f(d) = 2*d**3 - 22*d**2 + 37*d + 20. What is f(9)?
29
Let f(x) = x**3 - 12*x**2 + 3*x - 15. Give f(12).
21
Let g(k) = -15*k - 6. What is g(-1)?
9
Let s(u) = u**2 - 3*u - 4. Give s(5).
6
Let y(z) = 130*z + 17. Determine y(1).
147
Let n(i) = 26*i + 72. Give n(-3).
-6
Let i(c) = -8*c + 211. Determine i(29).
-21
Let f(p) = -6*p + 75. Calculate f(15).
-15
Let v(o) = -14*o + 7. Calculate v(3).
-35
Let o(p) = p**3 + 7*p**2 - 3*p - 4. What is o(-7)?
17
Let d(v) = -3*v**3 - 2*v**2 + 8*v + 4. Give d(-2).
4
Let l(n) = -n**3 + 4*n**2 + 2*n + 7. Calculate l(5).
-8
Let v(d) = d**2 + 18*d + 20. Calculate v(-8).
-60
Let s(j) = j - 5. Calculate s(-6).
-11
Let m(x) = -2*x**2 + 18*x + 5. Determine m(9).
5
Let b(z) = 3*z + 11. Determine b(20).
71
Let f(u) = 558*u + 3900. Determine f(-7).
-6
Let k(w) = w**3 - 2*w**2 + 3*w + 1. What is k(3)?
19
Let k(f) = -f - 17. Give k(-8).
-9
Let l(m) = -m**3 - 8*m**2 - 13*m - 17. Calculate l(-5).
-27
Let l(h) = 17*h - 42. Give l(8).
94
Let x(m) = 12*m + 61. Give x(-4).
13
Let h(z) = -z**2 - z + 9. Calculate h(3).
-3
Let b(f) = 5*f**2 + 29*f - 32. Determine b(1).
2
Let s(t) = 8*t**2 + 4*t + 2. Determine s(-1).
6
Let g(a) = -11*a + 240. What is g(21)?
9
Let v(u) = -12*u - 49. Give v(-4).
-1
Let b(m) = 13*m + 8. Give b(-1).
-5
Let l(s) = 2*s**3 + 8*s**2 + s - 8. Calculate l(-4).
-12
Let p(j) = -2*j**2 + 8*j - 6. Calculate p(3).
0
Let w(j) = -j**2 + 2*j - 6. What is w(5)?
-21
Let k(z) = z**3 + 4*z**2 - 6*z - 3. Give k(-5).
2
Let v(u) = u**3 - 11*u**2 - 20*u + 89. Determine v(12).
-7
Let l(b) = -b + 2. What is l(14)?
-12
Let u(a) = a**2 - 7*a - 26. What is u(-3)?
4
Let o(m) = -m**2 + 8*m - 7. Calculate o(6).
5
Let t(p) = p**3 - 2*p**2 + 7*p - 10. What is t(2)?
4
Let b(t) = t**3 + 6*t**2 - 7*t - 1. Determine b(-7).
-1
Let i(r) = r**3 - r**2 - r - 2. Calculate i(2).
0
Let a(g) = -3*g**2 + 44*g - 78. Calculate a(13).
-13
Let v(s) = s**3 + 9*s**2 - 13*s - 18. What is v(-10)?
12
Let t(j) = 2*j**3 + 23*j**2 + 27*j - 29. Give t(-10).
1
Let x(l) = l**2 - 17*l + 62. Give x(5).
2
Let c(p) = -p**3 - 6*p**2 + 6*p - 16. Give c(-7).
-9
Let m(x) = x**3 + 2*x**2 - 23*x + 11. What is m(-6)?
5
Let u(w) = w**2 - 13*w + 34. What is u(10)?
4
Let g(a) = 4*a + 53. What is g(-12)?
5
Let n(i) = -i + 1. Calculate n(-25).
26
Let g(w) = 2*w**3 + 2*w**2 - 3*w + 4. What is g(-3)?
-23
Let q(x) = x - 19. Calculate q(13).
-6
Let a(v) = -33*v**2 + v. What is a(1)?
-32
Let v(t) = -2*t**3 - 7*t**2 + 5*t + 8. Give v(-4).
4
Let x(y) = 2*y + 30. Determine x(-15).
0
Let r(m) = m - 16. Calculate r(14).
-2
Let w(k) = 3*k**3 + k**2 - 4*k + 2. Give w(1).
2
Let o(t) = -t**2 + 10*t - 22. What is o(8)?
-6
Let m(b) = b**3 - 7*b**2 + 15*b - 49. Determine m(6).
5
Let l(q) = 7*q - 31. Give l(3).
-10
Let k(f) = -f**3 - 7*f**2 - 5*f - 35. What is k(-7)?
0
Let a(o) = -4*o**2 + 48*o + 15. Determine a(11).
59
Let f(t) = 18*t**3 - t**2 + 1. Determine f(1).
18
Let w(t) = 2*t + 16. Give w(-13).
-10
Let k(x) = -x**3 + 17*x**2 + 60*x - 6. What is k(20)?
-6
Let o(g) = g**3 + 10*g**2 + 11*g + 8. Determine o(-9).
-10
Let w(y) = y**2 - 9*y + 14. Give w(2).
0
Let f(l) = -l**2 + 2*l + 5. Give f(0).
5
Let v(l) = l**3 - 8*l**2 + 5*l - 53. What is v(8)?
-13
Let f(k) = -k + 26. Calculate f(19).
7
Let j(z) = 21*z + 7. Determine j(-2).
-35
Let b(k) = -39*k - 78. Determine b(-2).
0
Let o(j) = -j**3 + 5*j**2 - j - 5. Give o(5).
-10
Let q(o) = o**2 - 4*o + 3. Calculate q(5).
8
Let y(n) = -n**3 - 13*n**2 - 19*n. Determine y(-11).
-33
Let q(n) = -n**3 - 12*n**2 - 21*n - 11. Calculate q(-10).
-1
Let p(h) = -2*h + 18. Determine p(12).
-6
Let a(x) = 5*x**2 + 7*x - 6. Give a(1).
6
Let b(x) = -2*x**2 - 12*x + 15. Determine b(-7).
1
Let i(n) = 16*n - 23. What is i(8)?
105
Let w(x) = -x**3 - 5*x**2 + 6*x + 11. What is w(-6)?
11
Let i(v) = -v**3 - 5*v**2 + 2*v - 2. What is i(-5)?
-12
Let b(p) = p**2 + 19*p - 31. Calculate b(-20).
-11
Let x(k) = k**3 + 19*k**2 + 31*k - 36. Determine x(-17).
15
Let d(l) = -3*l**2 - 4*l + 6. Calculate d(2).
-14
Let c(q) = -q**3 + 22*q**2 - q + 14. Give c(22).
-8
Let t(s) = -2*s**2 - 13*s + 2. Determine t(-11).
-97
Let q(p) = p**2 - 7*p - 1. Calculate q(7).
-1
Let y(w) = 2*w**2 - 6*w - 7. What is y(4)?
1
Let g(n) = 4*n**2 - 52*n - 54. Calculate g(14).
2
Let w(k) = -k + 27. Determine w(21).
6
Let g(p) = 6*p + 21. What is g(-6)?
-15
Let k(q) = q**2 + 5*q - 31. Give k(-9).
5
Let p(d) = 34*d - 141. Give p(5).
29
Let l(d) = 110*d**2 - 11*d - 12. Give l(-1).
109
Let p(z) = 187*z**2 + 181*z - 1. Determine p(-1).
5
Let k(h) = 3*h**2 - 8*h - 12. Calculate k(5).
23
Let s(g) = -2*g + 2. Calculate s(1).
0
Let o(n) = 7*n + 110. What is o(-15)?
5
Let p(x) = -x**2 - 13*x - 33. Determine p(-12).
-21
Let v(d) = d**3 + d**2 - d + 12. Calculate v(0).
12
Let u(h) = -7*h + 5. What is u(1)?
-2
Let n(v) = 4*v**2 + 11*v - 10. What is n(1)?
5
Let a(b) = b - 15. Calculate a(6).
-9
Let x(t) = 12*t + 7. Give x(-3).
-29
Let l(n) = 3*n**2 + 15*n + 7. Calculate l(-3).
-11
Let q(r) = -r**3 + 4*r**2 - 5*r + 2. Calculate q(3).
-4
Let h(p) = -4*p - 27. Calculate h(-9).
9
Let p(r) = -r**3 + 8*r**2 + 9*r - 8. What is p(9)?
-8
Le